{"id":20633,"date":"2026-04-15T08:20:47","date_gmt":"2026-04-15T06:20:47","guid":{"rendered":"https:\/\/www.rofu.de\/unternehmen\/?page_id=20633"},"modified":"2026-04-15T08:20:47","modified_gmt":"2026-04-15T06:20:47","slug":"freizeitparks","status":"publish","type":"page","link":"https:\/\/www.rofu.de\/unternehmen\/gewinnspiele\/freizeitparks\/","title":{"rendered":"LEGOLAND\u00ae Peppa 2026"},"content":{"rendered":"\t\t<div data-elementor-type=\"wp-page\" data-elementor-id=\"20633\" class=\"elementor elementor-20633\" data-elementor-post-type=\"page\">\n\t\t\t\t\t\t<section class=\"elementor-section elementor-top-section elementor-element elementor-element-0ad220d elementor-section-boxed elementor-section-height-default elementor-section-height-default\" data-id=\"0ad220d\" data-element_type=\"section\" data-e-type=\"section\">\n\t\t\t\t\t\t<div class=\"elementor-container elementor-column-gap-default\">\n\t\t\t\t\t<div class=\"elementor-column elementor-col-100 elementor-top-column elementor-element elementor-element-f27100a\" data-id=\"f27100a\" data-element_type=\"column\" data-e-type=\"column\">\n\t\t\t<div class=\"elementor-widget-wrap\">\n\t\t\t\t\t\t\t<\/div>\n\t\t<\/div>\n\t\t\t\t\t<\/div>\n\t\t<\/section>\n\t\t\t\t<section class=\"elementor-section elementor-top-section elementor-element elementor-element-7c29e44 elementor-section-boxed elementor-section-height-default elementor-section-height-default\" data-id=\"7c29e44\" data-element_type=\"section\" data-e-type=\"section\">\n\t\t\t\t\t\t<div class=\"elementor-container elementor-column-gap-default\">\n\t\t\t\t\t<div class=\"elementor-column elementor-col-100 elementor-top-column elementor-element elementor-element-9c1368c\" data-id=\"9c1368c\" data-element_type=\"column\" data-e-type=\"column\">\n\t\t\t<div class=\"elementor-widget-wrap elementor-element-populated\">\n\t\t\t\t\t\t<div class=\"elementor-element elementor-element-f87dc65 elementor-widget elementor-widget-image\" data-id=\"f87dc65\" data-element_type=\"widget\" data-e-type=\"widget\" data-widget_type=\"image.default\">\n\t\t\t\t<div class=\"elementor-widget-container\">\n\t\t\t\t\t\t\t\t\t\t\t\t\t\t\t<img fetchpriority=\"high\" decoding=\"async\" width=\"1200\" height=\"500\" src=\"https:\/\/www.rofu.de\/unternehmen\/wp-content\/uploads\/2026\/04\/Legoland_und_Peppa_Park_gwsp_header.jpg\" class=\"attachment-large size-large wp-image-20803\" alt=\"LEGOLAND Peppa gwsp 2026\" srcset=\"https:\/\/www.rofu.de\/unternehmen\/wp-content\/uploads\/2026\/04\/Legoland_und_Peppa_Park_gwsp_header.jpg 1200w, https:\/\/www.rofu.de\/unternehmen\/wp-content\/uploads\/2026\/04\/Legoland_und_Peppa_Park_gwsp_header-300x125.jpg 300w, https:\/\/www.rofu.de\/unternehmen\/wp-content\/uploads\/2026\/04\/Legoland_und_Peppa_Park_gwsp_header-768x320.jpg 768w\" sizes=\"(max-width: 1200px) 100vw, 1200px\" \/>\t\t\t\t\t\t\t\t\t\t\t\t\t\t\t<\/div>\n\t\t\t\t<\/div>\n\t\t\t\t<div class=\"elementor-element elementor-element-5b0e82d elementor-widget-divider--view-line_text elementor-widget-divider--element-align-center elementor-widget elementor-widget-divider\" data-id=\"5b0e82d\" data-element_type=\"widget\" data-e-type=\"widget\" data-widget_type=\"divider.default\">\n\t\t\t\t<div class=\"elementor-widget-container\">\n\t\t\t\t\t\t\t<div class=\"elementor-divider\">\n\t\t\t<span class=\"elementor-divider-separator\">\n\t\t\t\t\t\t\t<h1 class=\"elementor-divider__text elementor-divider__element\">\n\t\t\t\tLEGOLAND\u00ae Gewinnspiel\t\t\t\t<\/h1>\n\t\t\t\t\t\t<\/span>\n\t\t<\/div>\n\t\t\t\t\t\t<\/div>\n\t\t\t\t<\/div>\n\t\t\t\t<div class=\"elementor-element elementor-element-4a847f8 elementor-widget elementor-widget-text-editor\" data-id=\"4a847f8\" data-element_type=\"widget\" data-e-type=\"widget\" data-widget_type=\"text-editor.default\">\n\t\t\t\t<div class=\"elementor-widget-container\">\n\t\t\t\t\t\t\t\t\t<p data-start=\"237\" data-end=\"685\">Action, Fantasie und strahlende Kinderaugen: Im <span class=\"hover:entity-accent entity-underline inline cursor-pointer align-baseline\"><span class=\"whitespace-normal\">LEGOLAND Deutschland Resort<\/span><\/span> erwarten euch \u00fcber 60 Attraktionen, Shows und Abenteuerwelten \u2013 von rasanten Fahrgesch\u00e4ften bis zu beeindruckenden LEGO\u00ae Modellen. Gleich nebenan l\u00e4dt der <span class=\"hover:entity-accent entity-underline inline cursor-pointer align-baseline\"><span class=\"whitespace-normal\">PEPPA PIG Park<\/span><\/span> kleine Entdecker:innen in Peppas bunte Welt ein \u2013 mit altersgerechten Fahrgesch\u00e4ften, Wasserspielpl\u00e4tzen und jeder Menge Spa\u00df speziell f\u00fcr Familien mit j\u00fcngeren Kindern.<\/p><p data-start=\"687\" data-end=\"784\">Gemeinsam mit LEGOLAND verlosen wir echte Erlebnis-Highlights f\u00fcr euren n\u00e4chsten Familienausflug:<\/p><p data-start=\"786\" data-end=\"816\">\ud83c\udfc6 <strong data-start=\"789\" data-end=\"816\">Das k\u00f6nnt ihr gewinnen:<\/strong><\/p><p data-start=\"818\" data-end=\"1004\">\u2022 <strong data-start=\"820\" data-end=\"854\">1\u00d7 LEGOLAND \u00dcbernachtungspaket<\/strong> f\u00fcr 2 Erwachsene und 2 Kinder (2\u201311 Jahre)<br data-start=\"897\" data-end=\"900\" \/>inkl. 1 \u00dcbernachtung mit Fr\u00fchst\u00fcck im Themenzimmer, 2 Tage Parkeintritt ins LEGOLAND und freiem Parken<\/p><p data-start=\"1006\" data-end=\"1151\">\u2022 <strong data-start=\"1008\" data-end=\"1038\">4\u00d72 Merlin Abenteuer P\u00e4sse<\/strong><br data-start=\"1038\" data-end=\"1041\" \/>1 Jahr Eintritt in beide Parks + Zugang zu 27 weiteren Merlin Attraktionen sowie zus\u00e4tzliche Verg\u00fcnstigungen<\/p><p data-start=\"1153\" data-end=\"1226\">\u2022 <strong data-start=\"1155\" data-end=\"1182\">4\u00d72 Kombi-1-Tageskarten<\/strong> f\u00fcr LEGOLAND &amp; PEPPA PIG Park (Saison 2026)<\/p><p data-start=\"1228\" data-end=\"1275\">\ud83d\uddd3 <strong data-start=\"1231\" data-end=\"1253\">Teilnahmezeitraum:<\/strong> 27.04. \u2013 30.06.2026<\/p><p data-start=\"1277\" data-end=\"1409\">So einfach geht\u2019s: Formular ausf\u00fcllen, absenden \u2013 und mit etwas Gl\u00fcck hei\u00dft es bald <em data-start=\"1361\" data-end=\"1407\">Koffer packen und los ins Familienabenteuer!<\/em> \u2728<\/p>\t\t\t\t\t\t\t\t<\/div>\n\t\t\t\t<\/div>\n\t\t\t\t\t<\/div>\n\t\t<\/div>\n\t\t\t\t\t<\/div>\n\t\t<\/section>\n\t\t\t\t<section class=\"elementor-section elementor-top-section elementor-element elementor-element-10bd1e6 elementor-section-boxed elementor-section-height-default elementor-section-height-default\" data-id=\"10bd1e6\" data-element_type=\"section\" data-e-type=\"section\">\n\t\t\t\t\t\t<div class=\"elementor-container elementor-column-gap-default\">\n\t\t\t\t\t<div class=\"elementor-column elementor-col-100 elementor-top-column elementor-element elementor-element-a44a9e0\" data-id=\"a44a9e0\" data-element_type=\"column\" data-e-type=\"column\">\n\t\t\t<div class=\"elementor-widget-wrap elementor-element-populated\">\n\t\t\t\t\t\t<div class=\"elementor-element elementor-element-ef1cfd0 elementor-widget elementor-widget-heading\" data-id=\"ef1cfd0\" data-element_type=\"widget\" data-e-type=\"widget\" data-widget_type=\"heading.default\">\n\t\t\t\t<div class=\"elementor-widget-container\">\n\t\t\t\t\t<p class=\"elementor-heading-title elementor-size-default\">Gewinne mit etwas Gl\u00fcck entweder ein \u00dcbernachtungspaket*, 4 x 2 Merlin Abenteuer P\u00e4sse oder 4 x 2 Tageskarten f\u00fcrs LEGOLAND\u00ae  &amp; PEPPA PIG Park<\/p>\t\t\t\t<\/div>\n\t\t\t\t<\/div>\n\t\t\t\t\t<\/div>\n\t\t<\/div>\n\t\t\t\t\t<\/div>\n\t\t<\/section>\n\t\t\t\t<section class=\"elementor-section elementor-top-section elementor-element elementor-element-be61402 elementor-section-boxed elementor-section-height-default elementor-section-height-default\" data-id=\"be61402\" data-element_type=\"section\" data-e-type=\"section\">\n\t\t\t\t\t\t<div class=\"elementor-container elementor-column-gap-default\">\n\t\t\t\t\t<div class=\"elementor-column elementor-col-100 elementor-top-column elementor-element elementor-element-72a5951\" data-id=\"72a5951\" data-element_type=\"column\" data-e-type=\"column\">\n\t\t\t<div class=\"elementor-widget-wrap elementor-element-populated\">\n\t\t\t\t\t\t<div class=\"elementor-element elementor-element-f6a5760 elementor-widget elementor-widget-shortcode\" data-id=\"f6a5760\" data-element_type=\"widget\" data-e-type=\"widget\" data-widget_type=\"shortcode.default\">\n\t\t\t\t<div class=\"elementor-widget-container\">\n\t\t\t\t\t\t\t<div class=\"elementor-shortcode\">\n<div class=\"wpcf7 no-js\" id=\"wpcf7-f20782-o1\" lang=\"de-DE\" dir=\"ltr\" data-wpcf7-id=\"20782\">\n<div class=\"screen-reader-response\"><p role=\"status\" aria-live=\"polite\" aria-atomic=\"true\"><\/p> <ul><\/ul><\/div>\n<form action=\"\/unternehmen\/wp-json\/wp\/v2\/pages\/20633#wpcf7-f20782-o1\" method=\"post\" class=\"wpcf7-form init\" aria-label=\"Kontaktformular\" novalidate=\"novalidate\" data-status=\"init\">\n<fieldset class=\"hidden-fields-container\"><input type=\"hidden\" name=\"_wpcf7\" value=\"20782\" \/><input type=\"hidden\" name=\"_wpcf7_version\" value=\"6.1.5\" \/><input type=\"hidden\" name=\"_wpcf7_locale\" value=\"de_DE\" \/><input type=\"hidden\" name=\"_wpcf7_unit_tag\" value=\"wpcf7-f20782-o1\" \/><input type=\"hidden\" name=\"_wpcf7_container_post\" value=\"0\" \/><input type=\"hidden\" name=\"_wpcf7_posted_data_hash\" value=\"\" \/><input type=\"hidden\" name=\"_wpcf7_recaptcha_response\" value=\"\" \/>\n<\/fieldset>\n<p><label> Anrede<br \/>\n<span class=\"wpcf7-form-control-wrap\" data-name=\"anrede\"><select class=\"wpcf7-form-control wpcf7-select\" aria-invalid=\"false\" name=\"anrede\"><option value=\"\">&#8211; Bitte ausw\u00e4hlen &#8211;<\/option><option value=\"Herr\">Herr<\/option><option value=\"Frau\">Frau<\/option><option value=\"Divers\">Divers<\/option><\/select><\/span> <\/label>\n<\/p>\n<p><label> Vorname<br \/>\n<span class=\"wpcf7-form-control-wrap\" data-name=\"vorname\"><input size=\"40\" maxlength=\"400\" class=\"wpcf7-form-control wpcf7-text wpcf7-validates-as-required\" aria-required=\"true\" aria-invalid=\"false\" value=\"\" type=\"text\" name=\"vorname\" \/><\/span> <\/label>\n<\/p>\n<p><label> Nachname<br \/>\n<span class=\"wpcf7-form-control-wrap\" data-name=\"nachname\"><input size=\"40\" maxlength=\"400\" class=\"wpcf7-form-control wpcf7-text wpcf7-validates-as-required\" aria-required=\"true\" aria-invalid=\"false\" value=\"\" type=\"text\" name=\"nachname\" \/><\/span> <\/label>\n<\/p>\n<p><label> Stra\u00dfe, Hausnummer<br \/>\n<span class=\"wpcf7-form-control-wrap\" data-name=\"strasse-hausnummer\"><input size=\"40\" maxlength=\"400\" class=\"wpcf7-form-control wpcf7-text wpcf7-validates-as-required\" aria-required=\"true\" aria-invalid=\"false\" placeholder=\"Musterstra\u00dfe, 1\" value=\"\" type=\"text\" name=\"strasse-hausnummer\" \/><\/span> <\/label>\n<\/p>\n<p><label> Postleitzahl<br \/>\n<span class=\"wpcf7-form-control-wrap\" data-name=\"plz-ort\"><input size=\"40\" maxlength=\"400\" class=\"wpcf7-form-control wpcf7-text wpcf7-validates-as-required\" aria-required=\"true\" aria-invalid=\"false\" placeholder=\"12345\" value=\"\" type=\"text\" name=\"plz-ort\" \/><\/span> <\/label>\n<\/p>\n<p><label> Ort<br \/>\n<span class=\"wpcf7-form-control-wrap\" data-name=\"ort\"><input size=\"40\" maxlength=\"400\" class=\"wpcf7-form-control wpcf7-text wpcf7-validates-as-required\" aria-required=\"true\" aria-invalid=\"false\" placeholder=\"Musterstadt\" value=\"\" type=\"text\" name=\"ort\" \/><\/span> <\/label>\n<\/p>\n<p><label> Land<br \/>\n<span class=\"wpcf7-form-control-wrap\" data-name=\"land\"><input size=\"40\" maxlength=\"400\" class=\"wpcf7-form-control wpcf7-text wpcf7-validates-as-required\" readonly=\"readonly\" aria-required=\"true\" aria-invalid=\"false\" value=\"Deutschland\" type=\"text\" name=\"land\" \/><\/span> <\/label>\n<\/p>\n<p><label> Deine E-Mail-Adresse<br \/>\n<span class=\"wpcf7-form-control-wrap\" data-name=\"your-email\"><input size=\"40\" maxlength=\"400\" class=\"wpcf7-form-control wpcf7-email wpcf7-validates-as-required wpcf7-text wpcf7-validates-as-email\" aria-required=\"true\" aria-invalid=\"false\" value=\"\" type=\"email\" name=\"your-email\" \/><\/span> <\/label>\n<\/p>\n<p><span class=\"wpcf7-form-control-wrap\" data-name=\"newsletterabo\"><span class=\"wpcf7-form-control wpcf7-checkbox\"><span class=\"wpcf7-list-item first last\"><label><input type=\"checkbox\" name=\"newsletterabo[]\" value=\"Newsletter abonnieren\" \/><span class=\"wpcf7-list-item-label\">Newsletter abonnieren<\/span><\/label><\/span><\/span><\/span>\n<\/p>\n<p><span class=\"wpcf7-form-control-wrap\" data-name=\"teilnahmebedingungen\"><span class=\"wpcf7-form-control wpcf7-acceptance\"><span class=\"wpcf7-list-item\"><label><input type=\"checkbox\" name=\"teilnahmebedingungen\" value=\"1\" aria-invalid=\"false\" \/><span class=\"wpcf7-list-item-label\"><a href=\"https:\/\/www.rofu.de\/unternehmen\/teilnahmebedingungen\/\" style=\"text-decoration:underline\">Teilnahmebedingungen<\/a> gelesen &amp; akzeptiert (Pflichtangabe)<\/span><\/label><\/span><\/span><\/span>\n<\/p>\n<p><input class=\"wpcf7-form-control wpcf7-submit has-spinner\" type=\"submit\" value=\"Senden\" \/>\n<\/p><div class=\"wpcf7-response-output\" aria-hidden=\"true\"><\/div>\n<\/form>\n<\/div>\n<\/div>\n\t\t\t\t\t\t<\/div>\n\t\t\t\t<\/div>\n\t\t\t\t\t<\/div>\n\t\t<\/div>\n\t\t\t\t\t<\/div>\n\t\t<\/section>\n\t\t\t\t<section class=\"elementor-section elementor-top-section elementor-element elementor-element-8f868a0 elementor-section-boxed elementor-section-height-default elementor-section-height-default\" data-id=\"8f868a0\" data-element_type=\"section\" data-e-type=\"section\">\n\t\t\t\t\t\t<div class=\"elementor-container elementor-column-gap-default\">\n\t\t\t\t\t<div class=\"elementor-column elementor-col-100 elementor-top-column elementor-element elementor-element-eec73af\" data-id=\"eec73af\" data-element_type=\"column\" data-e-type=\"column\">\n\t\t\t<div class=\"elementor-widget-wrap elementor-element-populated\">\n\t\t\t\t\t\t<div class=\"elementor-element elementor-element-fc016cd elementor-widget elementor-widget-text-editor\" data-id=\"fc016cd\" data-element_type=\"widget\" data-e-type=\"widget\" data-widget_type=\"text-editor.default\">\n\t\t\t\t<div class=\"elementor-widget-container\">\n\t\t\t\t\t\t\t\t\t<p>Das Gewinnspiel endet am <strong>30.06.2026<\/strong>. Der Gewinner werden per E-Mail benachrichtigt.<\/p>\t\t\t\t\t\t\t\t<\/div>\n\t\t\t\t<\/div>\n\t\t\t\t\t<\/div>\n\t\t<\/div>\n\t\t\t\t\t<\/div>\n\t\t<\/section>\n\t\t\t\t<\/div>\n\t\t","protected":false},"excerpt":{"rendered":"<p>LEGOLAND\u00ae Gewinnspiel Action, Fantasie und strahlende Kinderaugen: Im LEGOLAND Deutschland Resort erwarten euch \u00fcber 60 Attraktionen, Shows und Abenteuerwelten \u2013 von rasanten Fahrgesch\u00e4ften bis zu beeindruckenden LEGO\u00ae Modellen. Gleich nebenan l\u00e4dt der PEPPA PIG Park kleine Entdecker:innen in Peppas bunte Welt ein \u2013 mit altersgerechten Fahrgesch\u00e4ften, Wasserspielpl\u00e4tzen und jeder Menge Spa\u00df speziell f\u00fcr Familien mit [&hellip;]<\/p>\n","protected":false},"author":39,"featured_media":0,"parent":252,"menu_order":0,"comment_status":"closed","ping_status":"closed","template":"","meta":{"footnotes":""},"class_list":["post-20633","page","type-page","status-publish","hentry","entry"],"yoast_head":"<!-- This site is optimized with the Yoast SEO plugin v27.0 - https:\/\/yoast.com\/product\/yoast-seo-wordpress\/ -->\n<title>LEGOLAND\u00ae Peppa 2026 - ROFU Kinderland<\/title>\n<meta name=\"description\" content=\"Jetzt beim ROFU Sommer-Gewinnspiel mitmachen &amp; mit etwas Gl\u00fcck Tickets f\u00fcr das LEGOLAND Deutschland Resort und den PEPPA PIG Park gewinnen\" \/>\n<meta name=\"robots\" content=\"index, follow, max-snippet:-1, max-image-preview:large, max-video-preview:-1\" \/>\n<link rel=\"canonical\" href=\"https:\/\/www.rofu.de\/unternehmen\/gewinnspiele\/freizeitparks\/\" \/>\n<meta property=\"og:locale\" content=\"de_DE\" \/>\n<meta property=\"og:type\" content=\"article\" \/>\n<meta property=\"og:title\" content=\"LEGOLAND\u00ae Peppa 2026 - ROFU Kinderland\" \/>\n<meta property=\"og:description\" content=\"Jetzt beim ROFU Sommer-Gewinnspiel mitmachen &amp; mit etwas Gl\u00fcck Tickets f\u00fcr das LEGOLAND Deutschland Resort und den PEPPA PIG Park gewinnen\" \/>\n<meta property=\"og:url\" content=\"https:\/\/www.rofu.de\/unternehmen\/gewinnspiele\/freizeitparks\/\" \/>\n<meta property=\"og:site_name\" content=\"ROFU Kinderland\" \/>\n<meta property=\"article:publisher\" content=\"https:\/\/www.facebook.com\/RofuKinderland\/\" \/>\n<meta property=\"og:image\" content=\"https:\/\/www.rofu.de\/unternehmen\/wp-content\/uploads\/2026\/04\/Legoland_und_Peppa_Park_gwsp_header.jpg\" \/>\n<meta name=\"twitter:card\" content=\"summary_large_image\" \/>\n<meta name=\"twitter:label1\" content=\"Gesch\u00e4tzte Lesezeit\" \/>\n\t<meta name=\"twitter:data1\" content=\"2\u00a0Minuten\" \/>\n<script type=\"application\/ld+json\" class=\"yoast-schema-graph\">{\"@context\":\"https:\/\/schema.org\",\"@graph\":[{\"@type\":\"WebPage\",\"@id\":\"https:\/\/www.rofu.de\/unternehmen\/gewinnspiele\/freizeitparks\/\",\"url\":\"https:\/\/www.rofu.de\/unternehmen\/gewinnspiele\/freizeitparks\/\",\"name\":\"LEGOLAND\u00ae Peppa 2026 - ROFU Kinderland\",\"isPartOf\":{\"@id\":\"https:\/\/www.rofu.de\/unternehmen\/#website\"},\"primaryImageOfPage\":{\"@id\":\"https:\/\/www.rofu.de\/unternehmen\/gewinnspiele\/freizeitparks\/#primaryimage\"},\"image\":{\"@id\":\"https:\/\/www.rofu.de\/unternehmen\/gewinnspiele\/freizeitparks\/#primaryimage\"},\"thumbnailUrl\":\"https:\/\/www.rofu.de\/unternehmen\/wp-content\/uploads\/2026\/04\/Legoland_und_Peppa_Park_gwsp_header.jpg\",\"datePublished\":\"2026-04-15T06:20:47+00:00\",\"description\":\"Jetzt beim ROFU Sommer-Gewinnspiel mitmachen & mit etwas Gl\u00fcck Tickets f\u00fcr das LEGOLAND Deutschland Resort und den PEPPA PIG Park gewinnen\",\"breadcrumb\":{\"@id\":\"https:\/\/www.rofu.de\/unternehmen\/gewinnspiele\/freizeitparks\/#breadcrumb\"},\"inLanguage\":\"de\",\"potentialAction\":[{\"@type\":\"ReadAction\",\"target\":[\"https:\/\/www.rofu.de\/unternehmen\/gewinnspiele\/freizeitparks\/\"]}]},{\"@type\":\"ImageObject\",\"inLanguage\":\"de\",\"@id\":\"https:\/\/www.rofu.de\/unternehmen\/gewinnspiele\/freizeitparks\/#primaryimage\",\"url\":\"https:\/\/www.rofu.de\/unternehmen\/wp-content\/uploads\/2026\/04\/Legoland_und_Peppa_Park_gwsp_header.jpg\",\"contentUrl\":\"https:\/\/www.rofu.de\/unternehmen\/wp-content\/uploads\/2026\/04\/Legoland_und_Peppa_Park_gwsp_header.jpg\",\"width\":1200,\"height\":500,\"caption\":\"LEGOLAND Peppa gwsp 2026\"},{\"@type\":\"BreadcrumbList\",\"@id\":\"https:\/\/www.rofu.de\/unternehmen\/gewinnspiele\/freizeitparks\/#breadcrumb\",\"itemListElement\":[{\"@type\":\"ListItem\",\"position\":1,\"name\":\"ROFU.de\/unternehmen\",\"item\":\"https:\/\/www.rofu.de\/unternehmen\/\"},{\"@type\":\"ListItem\",\"position\":2,\"name\":\"Gewinnspiele\",\"item\":\"https:\/\/www.rofu.de\/unternehmen\/gewinnspiele\/\"},{\"@type\":\"ListItem\",\"position\":3,\"name\":\"LEGOLAND\u00ae Peppa 2026\"}]},{\"@type\":\"WebSite\",\"@id\":\"https:\/\/www.rofu.de\/unternehmen\/#website\",\"url\":\"https:\/\/www.rofu.de\/unternehmen\/\",\"name\":\"ROFU Kinderland | Unternehmen\",\"description\":\"ROFU Kinderland Unternehmen\",\"publisher\":{\"@id\":\"https:\/\/www.rofu.de\/unternehmen\/#organization\"},\"potentialAction\":[{\"@type\":\"SearchAction\",\"target\":{\"@type\":\"EntryPoint\",\"urlTemplate\":\"https:\/\/www.rofu.de\/unternehmen\/?s={search_term_string}\"},\"query-input\":{\"@type\":\"PropertyValueSpecification\",\"valueRequired\":true,\"valueName\":\"search_term_string\"}}],\"inLanguage\":\"de\"},{\"@type\":\"Organization\",\"@id\":\"https:\/\/www.rofu.de\/unternehmen\/#organization\",\"name\":\"ROFU Kinderland Spielwarenhandelsgesellschaft mbH\",\"url\":\"https:\/\/www.rofu.de\/unternehmen\/\",\"logo\":{\"@type\":\"ImageObject\",\"inLanguage\":\"de\",\"@id\":\"https:\/\/www.rofu.de\/unternehmen\/#\/schema\/logo\/image\/\",\"url\":\"https:\/\/www.rofu.de\/unternehmen\/wp-content\/uploads\/2021\/02\/logo.png\",\"contentUrl\":\"https:\/\/www.rofu.de\/unternehmen\/wp-content\/uploads\/2021\/02\/logo.png\",\"width\":1000,\"height\":250,\"caption\":\"ROFU Kinderland Spielwarenhandelsgesellschaft mbH\"},\"image\":{\"@id\":\"https:\/\/www.rofu.de\/unternehmen\/#\/schema\/logo\/image\/\"},\"sameAs\":[\"https:\/\/www.facebook.com\/RofuKinderland\/\",\"https:\/\/www.instagram.com\/rofukinderland\/\"]}]}<\/script>\n<!-- \/ Yoast SEO plugin. -->","yoast_head_json":{"title":"LEGOLAND\u00ae Peppa 2026 - ROFU Kinderland","description":"Jetzt beim ROFU Sommer-Gewinnspiel mitmachen & mit etwas Gl\u00fcck Tickets f\u00fcr das LEGOLAND Deutschland Resort und den PEPPA PIG Park gewinnen","robots":{"index":"index","follow":"follow","max-snippet":"max-snippet:-1","max-image-preview":"max-image-preview:large","max-video-preview":"max-video-preview:-1"},"canonical":"https:\/\/www.rofu.de\/unternehmen\/gewinnspiele\/freizeitparks\/","og_locale":"de_DE","og_type":"article","og_title":"LEGOLAND\u00ae Peppa 2026 - ROFU Kinderland","og_description":"Jetzt beim ROFU Sommer-Gewinnspiel mitmachen & mit etwas Gl\u00fcck Tickets f\u00fcr das LEGOLAND Deutschland Resort und den PEPPA PIG Park gewinnen","og_url":"https:\/\/www.rofu.de\/unternehmen\/gewinnspiele\/freizeitparks\/","og_site_name":"ROFU Kinderland","article_publisher":"https:\/\/www.facebook.com\/RofuKinderland\/","og_image":[{"url":"https:\/\/www.rofu.de\/unternehmen\/wp-content\/uploads\/2026\/04\/Legoland_und_Peppa_Park_gwsp_header.jpg","type":"","width":"","height":""}],"twitter_card":"summary_large_image","twitter_misc":{"Gesch\u00e4tzte Lesezeit":"2\u00a0Minuten"},"schema":{"@context":"https:\/\/schema.org","@graph":[{"@type":"WebPage","@id":"https:\/\/www.rofu.de\/unternehmen\/gewinnspiele\/freizeitparks\/","url":"https:\/\/www.rofu.de\/unternehmen\/gewinnspiele\/freizeitparks\/","name":"LEGOLAND\u00ae Peppa 2026 - ROFU Kinderland","isPartOf":{"@id":"https:\/\/www.rofu.de\/unternehmen\/#website"},"primaryImageOfPage":{"@id":"https:\/\/www.rofu.de\/unternehmen\/gewinnspiele\/freizeitparks\/#primaryimage"},"image":{"@id":"https:\/\/www.rofu.de\/unternehmen\/gewinnspiele\/freizeitparks\/#primaryimage"},"thumbnailUrl":"https:\/\/www.rofu.de\/unternehmen\/wp-content\/uploads\/2026\/04\/Legoland_und_Peppa_Park_gwsp_header.jpg","datePublished":"2026-04-15T06:20:47+00:00","description":"Jetzt beim ROFU Sommer-Gewinnspiel mitmachen & mit etwas Gl\u00fcck Tickets f\u00fcr das LEGOLAND Deutschland Resort und den PEPPA PIG Park gewinnen","breadcrumb":{"@id":"https:\/\/www.rofu.de\/unternehmen\/gewinnspiele\/freizeitparks\/#breadcrumb"},"inLanguage":"de","potentialAction":[{"@type":"ReadAction","target":["https:\/\/www.rofu.de\/unternehmen\/gewinnspiele\/freizeitparks\/"]}]},{"@type":"ImageObject","inLanguage":"de","@id":"https:\/\/www.rofu.de\/unternehmen\/gewinnspiele\/freizeitparks\/#primaryimage","url":"https:\/\/www.rofu.de\/unternehmen\/wp-content\/uploads\/2026\/04\/Legoland_und_Peppa_Park_gwsp_header.jpg","contentUrl":"https:\/\/www.rofu.de\/unternehmen\/wp-content\/uploads\/2026\/04\/Legoland_und_Peppa_Park_gwsp_header.jpg","width":1200,"height":500,"caption":"LEGOLAND Peppa gwsp 2026"},{"@type":"BreadcrumbList","@id":"https:\/\/www.rofu.de\/unternehmen\/gewinnspiele\/freizeitparks\/#breadcrumb","itemListElement":[{"@type":"ListItem","position":1,"name":"ROFU.de\/unternehmen","item":"https:\/\/www.rofu.de\/unternehmen\/"},{"@type":"ListItem","position":2,"name":"Gewinnspiele","item":"https:\/\/www.rofu.de\/unternehmen\/gewinnspiele\/"},{"@type":"ListItem","position":3,"name":"LEGOLAND\u00ae Peppa 2026"}]},{"@type":"WebSite","@id":"https:\/\/www.rofu.de\/unternehmen\/#website","url":"https:\/\/www.rofu.de\/unternehmen\/","name":"ROFU Kinderland | Unternehmen","description":"ROFU Kinderland Unternehmen","publisher":{"@id":"https:\/\/www.rofu.de\/unternehmen\/#organization"},"potentialAction":[{"@type":"SearchAction","target":{"@type":"EntryPoint","urlTemplate":"https:\/\/www.rofu.de\/unternehmen\/?s={search_term_string}"},"query-input":{"@type":"PropertyValueSpecification","valueRequired":true,"valueName":"search_term_string"}}],"inLanguage":"de"},{"@type":"Organization","@id":"https:\/\/www.rofu.de\/unternehmen\/#organization","name":"ROFU Kinderland Spielwarenhandelsgesellschaft mbH","url":"https:\/\/www.rofu.de\/unternehmen\/","logo":{"@type":"ImageObject","inLanguage":"de","@id":"https:\/\/www.rofu.de\/unternehmen\/#\/schema\/logo\/image\/","url":"https:\/\/www.rofu.de\/unternehmen\/wp-content\/uploads\/2021\/02\/logo.png","contentUrl":"https:\/\/www.rofu.de\/unternehmen\/wp-content\/uploads\/2021\/02\/logo.png","width":1000,"height":250,"caption":"ROFU Kinderland Spielwarenhandelsgesellschaft mbH"},"image":{"@id":"https:\/\/www.rofu.de\/unternehmen\/#\/schema\/logo\/image\/"},"sameAs":["https:\/\/www.facebook.com\/RofuKinderland\/","https:\/\/www.instagram.com\/rofukinderland\/"]}]}},"_links":{"self":[{"href":"https:\/\/www.rofu.de\/unternehmen\/wp-json\/wp\/v2\/pages\/20633","targetHints":{"allow":["GET"]}}],"collection":[{"href":"https:\/\/www.rofu.de\/unternehmen\/wp-json\/wp\/v2\/pages"}],"about":[{"href":"https:\/\/www.rofu.de\/unternehmen\/wp-json\/wp\/v2\/types\/page"}],"author":[{"embeddable":true,"href":"https:\/\/www.rofu.de\/unternehmen\/wp-json\/wp\/v2\/users\/39"}],"replies":[{"embeddable":true,"href":"https:\/\/www.rofu.de\/unternehmen\/wp-json\/wp\/v2\/comments?post=20633"}],"version-history":[{"count":12,"href":"https:\/\/www.rofu.de\/unternehmen\/wp-json\/wp\/v2\/pages\/20633\/revisions"}],"predecessor-version":[{"id":20806,"href":"https:\/\/www.rofu.de\/unternehmen\/wp-json\/wp\/v2\/pages\/20633\/revisions\/20806"}],"up":[{"embeddable":true,"href":"https:\/\/www.rofu.de\/unternehmen\/wp-json\/wp\/v2\/pages\/252"}],"wp:attachment":[{"href":"https:\/\/www.rofu.de\/unternehmen\/wp-json\/wp\/v2\/media?parent=20633"}],"curies":[{"name":"wp","href":"https:\/\/api.w.org\/{rel}","templated":true}]}}